{"id":11,"date":"2016-09-28T07:34:09","date_gmt":"2016-09-28T07:34:09","guid":{"rendered":"http:\/\/ullensvangfruktlager.no\/?page_id=11"},"modified":"2021-06-14T09:36:11","modified_gmt":"2021-06-14T09:36:11","slug":"om-ullensvang-fruktlager","status":"publish","type":"page","link":"https:\/\/ullensvangfruktlager.no\/?page_id=11","title":{"rendered":"Om oss"},"content":{"rendered":"<div dir=\"ltr\">\n<div class=\"x_WordSection1\">\n<p>Ullensvang Fruktlager SA vart stifta i 1948, og er eit produsenteigd samvirkef\u00f8retak. Dei vel 90 fruktdyrkarane som soknar til oss er ein mangfaldig gjeng fr\u00e5 gardar med ulik storleik. Nokre har fruktdyrking som att\u00e5tn\u00e6ring, mens andre driv med fruktdyrking p\u00e5 heiltid. Gardane ligg spreidd langs fjordsida fr\u00e5 Brimnes i nord til Espe i s\u00f8r, og delar av denne strekninga byr p\u00e5 noko av det mest samanhengande intensivt planta fruktarealet i Noreg. Dei produserer alle frukt i tr\u00e5d med dei mange krava som gjeld, slik at me kan senda ut smakfulle, sunne, friske frukter p\u00e5 marknaden.<\/p>\n<\/div>\n<\/div>\n<div dir=\"ltr\">\n<div class=\"x_WordSection1\">\n<p>Fruktlageret har moderne pakkesalar, avanserte sorteringsmaskiner og store kj\u00f8lelager. Det m\u00e5 til for \u00e5 kunna handtera dei mengdene som kjem inn n\u00e5r haustetida startar, og fram til siste kassen er pakka seinhaustes eller tidleg vinter. Det er 5 heil\u00e5rstilsette ved lageret, og rundt 30 sesongarbeidarar i den travlaste i pakkeperioden.<\/p>\n<div dir=\"ltr\">\n<div class=\"x_WordSection1\">&nbsp;<\/div>\n<\/div>\n<div dir=\"ltr\">\n<div class=\"x_WordSection1\">\n<\/div>\n<\/div>\n<\/div>\n<\/div>\n<div dir=\"ltr\">\n<div class=\"x_WordSection1\">&nbsp;<\/div>\n<\/div>\n\n\n<figure class=\"wp-block-gallery columns-0 is-cropped wp-block-gallery-1 is-layout-flex wp-block-gallery-is-layout-flex\"><ul class=\"blocks-gallery-grid\"><\/ul><\/figure>\n","protected":false},"excerpt":{"rendered":"<p>Ullensvang Fruktlager SA vart stifta i 1948, og er eit produsenteigd samvirkef\u00f8retak. Dei vel 90 fruktdyrkarane som soknar til oss er ein mangfaldig gjeng fr\u00e5 gardar med ulik storleik. Nokre&nbsp;[&hellip;]<\/p>\n","protected":false},"author":1,"featured_media":0,"parent":0,"menu_order":0,"comment_status":"closed","ping_status":"closed","template":"","meta":{"footnotes":""},"_links":{"self":[{"href":"https:\/\/ullensvangfruktlager.no\/index.php?rest_route=\/wp\/v2\/pages\/11"}],"collection":[{"href":"https:\/\/ullensvangfruktlager.no\/index.php?rest_route=\/wp\/v2\/pages"}],"about":[{"href":"https:\/\/ullensvangfruktlager.no\/index.php?rest_route=\/wp\/v2\/types\/page"}],"author":[{"embeddable":true,"href":"https:\/\/ullensvangfruktlager.no\/index.php?rest_route=\/wp\/v2\/users\/1"}],"replies":[{"embeddable":true,"href":"https:\/\/ullensvangfruktlager.no\/index.php?rest_route=%2Fwp%2Fv2%2Fcomments&post=11"}],"version-history":[{"count":11,"href":"https:\/\/ullensvangfruktlager.no\/index.php?rest_route=\/wp\/v2\/pages\/11\/revisions"}],"predecessor-version":[{"id":238,"href":"https:\/\/ullensvangfruktlager.no\/index.php?rest_route=\/wp\/v2\/pages\/11\/revisions\/238"}],"wp:attachment":[{"href":"https:\/\/ullensvangfruktlager.no\/index.php?rest_route=%2Fwp%2Fv2%2Fmedia&parent=11"}],"curies":[{"name":"wp","href":"https:\/\/api.w.org\/{rel}","templated":true}]}}